n. Let v(g) = 4*g**2 - 7*g**2 + 2*g**2 + g. Let l be -3 + 2 + (4 - 2). Let s(a) = l*j(a) + 2*v(a). Calculate s(-4).
-4
Let v = 740 - 745. Let f(k) = -k**2 - 8*k - 9. Calculate f(v).
6
Let k(l) be the first derivative of -1/24*l**4 + 4*l**2 + 5 + 0*l**3 + 0*l. Let r(u) be the second derivative of k(u). Give r(6).
-6
Let a(o) = -22 + 5*o - 3*o + 13 + 7. Give a(7).
12
Let m(o) be the first derivative of -1/3*o**3 + 34 + 1/4*o**4 + 0*o**2 + 2*o. Determine m(2).
6
Suppose -4*x + 2*s = -s + 64, 2*x - s = -32. Let k = 16 + x. Let w be (k - -1)*(-7 - -8). Let a(f) = -11*f + 1. Determine a(w).
-10
Let b(x) = 2*x**2 - 2*x**2 + x**2 - 3*x**2 + 1 + 9*x**3. Suppose g = i - 27, 2*g = -3*g - 20. Let z = i - 24. Give b(z).
-10
Suppose 0 = 4*v - 9*v + 65. Suppose -3*k - v - 4 = -h, 5*k = -2*h - 21. Let s(j) = -2*j - 2. Calculate s(k).
8
Let f(l) be the second derivative of l**4/12 + l**3/3 - l**2 + 65*l + 2. Calculate f(2).
6
Let s = 291 - 291. Let l(b) = b - 30. Give l(s).
-30
Let k(u) = -u**3 - u**2 - u - 1. Let o be k(-2). Suppose 4*v - 3 = o*v. Let m(y) = 3*y - 2. What is m(v)?
-11
Let k = -581 + 583. Let x(a) be the second derivative of 1/3*a**4 + a - 1/20*a**5 + 0 + k*a**2 + a**3. Determine x(5).
9
Let y = 2 + -2. Suppose -x - 2*t - 2 = y, -2*x + 22 = -5*t - 10. Let a(i) be the first derivative of i**3/3 - 7*i**2/2 + 6*i - 19. Calculate a(x).
0
Let d(k) = -k - 7. Suppose 5*l = -4*l + 45. Suppose -l*b - a = -5, 0*b + a - 5 = 2*b. What is d(b)?
-7
Let c(d) = d**3 - 3*d**2 - 3*d - 4. Suppose 5*f + 120 = 9*f. Suppose 5*z - 5*n - f = 0, 0 = -z - 2*z - 2*n + 8. Give c(z).
0
Let o(l) be the second derivative of l**6/360 - 7*l**5/120 - l**4/24 + 4*l**3/3 + 12*l. Let b(f) be the second derivative of o(f). Give b(6).
-7
Let k(v) be the first derivative of v**3/3 - 5*v + 15. Let s be (-4)/2 + 1 - -1. What is k(s)?
-5
Let k be 26/(-8) + 4/16. Let f = 5 + k. Let g(t) = 0*t + f + t - 2*t + 0. Calculate g(4).
-2
Let t(l) = -5*l - 17. Let q be t(-5). Let h(c) = 5 + q*c - 4*c**2 - 6*c**2 + 8*c**2 + 3*c**2. Calculate h(-6).
-7
Let n(v) = -2*v**2 - v - 1. Let x(p) = -p**2 - p. Let z be 4/16 + (-5)/4. Let w(h) = z*x(h) + n(h). Calculate w(-1).
-2
Let r be 6/(-21) - 185/(-35). Let p(n) = -n**3 + 5*n - 2*n**2 - r*n**2 - 7 - 1 + n**2. What is p(-7)?
6
Let h(s) = -s - 10. Let f(o) = o**2 + 13*o + 13. Let q(x) = 5*x**2 + 64*x + 66. Let a(j) = -11*f(j) + 2*q(j). Let y be a(-12). Let v = 19 - y. What is h(v)?
-4
Let b(p) = p + 22. Let i be b(-17). Let t(n) = -2*n**2 + 4*n + 2. Calculate t(i).
-28
Let p(c) = 3*c**3 - 21*c**2 - 15*c + 20. Let n = -11 - -19. Let u(t) = -5*t**3 + 32*t**2 + 23*t - 30. Let y(o) = n*p(o) + 5*u(o). Calculate y(-7).
-4
Let t(p) = -127*p**3 + 876*p + 126*p**3 - 875*p - 21 + 21*p**2. Give t(21).
0
Let c(m) = 21*m - 11. Let d(x) = -4*x + 2. Let s(p) = -4*c(p) - 22*d(p). Suppose 12*b - 11*b = 14. Suppose 0 = 4*v - 3*v + 3*y + b, 0 = -y - 5. Determine s(v).
4
Let i(r) be the first derivative of -r**4/4 + 5*r**3/3 + 7*r**2/2 - 8*r + 3. Give i(6).
-2
Let i(q) = 3*q**2 + 32*q**3 - 6*q - 14 - 30*q**3 + 9. Determine i(-3).
-14
Let g(w) = -5*w + 35. Let p be g(5). Let k be 1 - -10*p/(-25). Let i(a) = a**2 + 5*a + 2. Determine i(k).
-4
Let a(w) = 3*w**2 - 13*w + 7. Let l(z) = -3*z**2 + 11*z - 6. Let k(x) = 5*a(x) + 6*l(x). Suppose 0 = -0*b - 2*b + 2. Determine k(b).
-3
Let h(t) be the first derivative of -t**4/8 + t**3/2 - 19*t**2/2 + 12. Let y(r) be the second derivative of h(r). Give y(3).
-6
Let z(m) = 2*m**2 + 5*m + 2. Suppose 9 = -b - 2*s, -5*b = -8*b - 5*s - 24. Calculate z(b).
5
Let k(x) be the third derivative of x**4/24 + x**3/3 - 86*x**2. What is k(7)?
9
Let o be (2 + -1)/((-5)/25). Let s(c) = 3*c. Let g(i) = -4*i + 1. Let w(h) = 2*g(h) + 3*s(h). What is w(o)?
-3
Let r(u) = 14*u + 9. Let v(t) = 6*t + 4. Let i(c) = -2*r(c) + 5*v(c). Give i(2).
6
Let z(v) be the second derivative of v**3/6 - 5*v**2/2 + 50*v + 4. Calculate z(-7).
-12
Let k(r) = 2*r**3 + 15*r**2 - 8*r + 8. Let m(v) = v**3 + 16*v**2 - 11*v + 7. Let y(t) = 2*k(t) - 3*m(t). What is y(17)?
-5
Let k(m) = -3*m**3 - m**2 + 3*m + 5. Suppose -63 + 68 = -5*j. Let t(c) = c**3 - c - 1. Let z(y) = j*k(y) - 4*t(y). Determine z(1).
0
Let j(r) = r**2 - r - 1. Let a(b) = -b**3 - 2*b**2 + 2*b - 4. Let m(s) = -a(s) + 2*j(s). Let l = 12 + -16. Calculate m(l).
18
Let h(b) = 2*b + 30. Let r(y) = -6*y - 89. Let v(q) = 11*h(q) + 4*r(q). Calculate v(-12).
-2
Let p(x) = 7*x - 1. Let r(c) = -2*c + 1. Let j(u) = -p(u) - 5*r(u). Determine j(5).
11
Let u(o) be the second derivative of -o**5/20 + 13*o**4/12 + 7*o**3/3 - 9*o**2 + 40*o - 2. Calculate u(14).
-18
Let p(m) = 3*m**3 - 7*m**2 + 5*m. Let q(n) = n**2 - n. Let a(i) = p(i) - 2*q(i). Let g(v) = v**3 - v**2 + 1. Let c(x) = -a(x) + 2*g(x). Determine c(6).
-4
Suppose 1054*k - 1092*k = -266. Let r(n) = n**3 - 8*n**2 + 8*n + 1. Give r(k).
8
Let g(o) = -3*o - 4. Suppose t = 4, -3*y + 10*t = 5*t - 1. Suppose 8 = -y*l - 27. Calculate g(l).
11
Let n(x) = 9*x**2 + 26*x + 30. Let t(o) = 4*o**2 + 11*o + 15. Let i(g) = 3*n(g) - 7*t(g). Let h = 1 - 1. Calculate i(h).
-15
Let n be 7 - 0/(-1) - 2. Let j(l) = 4*l - l - l - 10. Let f be j(n). Let a(o) = o - 17. Determine a(f).
-17
Let b(g) = -g**3 - 2*g**2 + 2*g + 3. Let z = -5 + 7. Suppose -t + z = -2*t. Give b(t).
-1
Let d(h) = -2*h**2 - 1 - 10*h + 2*h**2 - 2*h**2 - 2 + 3*h**2. Give d(4).
-27
Let g(i) = 0*i - 12 + 21*i - 23*i. Determine g(-14).
16
Let z(a) be the second derivative of 0 + 3*a**2 + 1/20*a**5 + a**3 + 4*a + 5/12*a**4. Calculate z(-4).
-2
Let m(t) = t**3 - 10*t**2 - 11*t + 7. Let o be ((-60)/(-16) - 1)*4. Let b be m(o). Let n(y) = y**3 - 6*y**2 - 7*y + 3. Determine n(b).
3
Suppose 4*w + 3*f = f + 10, 4*w = 5*f + 3. Let x(d) = 6*d - w*d + 3 + 2*d. Determine x(-3).
-15
Let v = -174 + 173. Let g(t) = 3*t + 2 - 4*t + 3 - 6 - 2*t**2. Determine g(v).
-2
Let t(o) = -o**3 - 5*o**2 + o - 4. Let j be (-1)/(((-2)/(-9))/2). Let y = 29 + j. Suppose 0 = y*w - 15*w + 25. Determine t(w).
-9
Let g(c) = -5*c + 4. Let s = 229 + -226. Determine g(s).
-11
Let w(s) = 18*s - 16*s + 0*s**2 + 1 - 2 - s**2 + 2. What is w(2)?
1
Let m(x) be the third derivative of -1/6*x**3 - 21*x**2 + 0 - 1/12*x**4 + 0*x + 0*x**5 + 1/15*x**6. Determine m(-1).
-7
Let f = 3 - 1. Suppose 4 = -2*s + s + 3*q, -3*s - f = -4*q. Let k(i) = 4*i - 5*i + i**s + 0*i. Calculate k(-1).
2
Let z = 200 + -199. Let t(j) = -25*j. Calculate t(z).
-25
Let q(y) be the first derivative of -3*y**4/4 + 5*y**3/3 - y**2/2 - 2*y + 398. Calculate q(3).
-41
Let u be (4 + 1)*(2 + -3). Let s = u - -12. Let x(o) = s*o + 1 - 5*o + 6. Calculate x(-6).
-5
Let u(r) = r**2 - 9*r + 8. Let c be 3 - ((-2)/6 - (-434)/(-93)). Calculate u(c).
0
Let c(t) be the first derivative of 1/2*t**2 + 2*t - 1/3*t**3 - 23. Calculate c(0).
2
Let t(b) = -b - 9. Let y be (0 - 3)*2/3. Let o(q) = 2*q**2 - 2*q - 2. Let v be o(y). Let z = v - 10. Determine t(z).
-9
Let s(q) be the third derivative of -q**4/8 + 3*q**3/2 + 87*q**2 + 2. What is s(5)?
-6
Let c(w) = 6*w**2 + 19*w + 9. Let v(g) = -7*g**2 - 21*g - 8. Let f(l) = 6*c(l) + 5*v(l). Calculate f(-6).
-4
Let k = 84 - 72. Let x(u) = 10*u**2 - k*u**2 + 3 - 1. Determine x(3).
-16
Let w(l) = 15*l. Let u(m) = -74*m + 1. Let y(q) = -2*u(q) - 11*w(q). Let p(b) = -8*b - 1. Let v(t) = 7*p(t) - 3*y(t). Suppose -3 = -5*h + 7. What is v(h)?
-11
Let t(m) = 2*m**2 + 7*m + 1. Let u be t(-4). Let k(n) = -6*n**2 + 33*n - 3*n**3 - u + 4*n**3 - 28*n. Give k(5).
-5
Let u(r) be the first derivative of r**5/60 + r**4/12 - r**3/2 - 8*r**2 - 16. Let q(a) be the second derivative of u(a). Determine q(-4).
5
Let d = 36 - 37. Let j = 3 + 0. Let v(t) = -4*t - t**2 + 5*t - j*t. Give v(d).
1
Let c be (-1 + 2)*(-5)/((-65)/(-78)). Let z(h) = 4*h + 4. Calculate z(c).
-20
Let o(j) = 3*j + 19. Let t(p) = -7*p - 44. Let q(l) = -9*o(l) - 4*t(l). Determine q(-10).
-5
Let p(f) = 3*f**2 + 3*f**3 - 2*f**2 - 4*f**3 + 1072 - 1068 - f. What is p(-3)?
43
Let r(c) = -c**2 - 3*c - 3. Suppose 4*i = 4*l - 32, 5*l + 5*i - 3 = -13. Let w(p) = p - 7. Let n be w(l). What is r(n)?
-7
Suppose -13*t + 16*t - 64 = 4*d, 2*d + 22 = t. Suppose y - 2*y - 21 = 3*x, -4*x = t. Let w(n) = -n**2 - 8*n - 3. Determine w(y).
9
Suppose 0 = -y + 2*w + 2*w + 15, -3*y = -2*w - 85. Suppose y*f - 28*f = 36. Let n be f/(-42) - (-18)/14. Let a(b)